{"id":501,"date":"2026-01-27T14:03:22","date_gmt":"2026-01-27T13:03:22","guid":{"rendered":"https:\/\/roberto.depimtajamar.es\/?post_type=product&#038;p=501"},"modified":"2026-01-27T16:33:03","modified_gmt":"2026-01-27T15:33:03","slug":"bag-in-box-hoya-montes-vino-tinto","status":"publish","type":"product","link":"https:\/\/roberto.depimtajamar.es\/index.php\/producto\/bag-in-box-hoya-montes-vino-tinto\/","title":{"rendered":"Bag-In-Box Hoya Mont\u00e9s \u2013 Vino Tinto"},"content":{"rendered":"<p data-path-to-node=\"2\">Este vino ha sido elaborado con la uva de nuestros mejores vi\u00f1edos, seleccionado para mantener su esencia en este formato funcional. <span class=\"citation-29 citation-end-29\">La perfecta combinaci\u00f3n de juventud y frescura se ve reflejada en un bonito color rojo cereza intenso con tonalidades viol\u00e1ceas, conservando toda su viveza gracias al envasado al vac\u00edo.<\/span> En nariz destacan sus aromas de buena intensidad, resaltando sus notas de fermentaci\u00f3n muy frutales. <span class=\"citation-28 citation-end-28\">En boca resulta equilibrado, arm\u00f3nico y con una larga persistencia, manteniendo sus propiedades intactas desde la primera hasta la \u00faltima copa; en definitiva, un vino con buenas sensaciones y m\u00e1xima practicidad.<\/span><\/p>\n<div class=\"source-inline-chip-container ng-star-inserted\"><\/div>\n<div class=\"source-inline-chip-container ng-star-inserted\"><\/div>\n<p data-path-to-node=\"3\"><b data-path-to-node=\"3\" data-index-in-node=\"0\">Debe consumirse entre 12 &#8211; 14 \u00baC<\/b><\/p>\n<p data-path-to-node=\"3\"><b data-path-to-node=\"3\" data-index-in-node=\"33\">12,5% <\/b><b data-path-to-node=\"3\" data-index-in-node=\"33\">Vol.<\/b><\/p>\n<p data-path-to-node=\"3\"><b data-path-to-node=\"3\" data-index-in-node=\"44\">Formatos: 3L \/ 5L \/ 15L<\/b><\/p>\n","protected":false},"excerpt":{"rendered":"<p>Este vino ha sido elaborado con la uva de nuestros mejores vi\u00f1edos, seleccionado para mantener su esencia en este formato funcional. La perfecta combinaci\u00f3n de juventud y frescura se ve reflejada en un bonito color rojo cereza intenso con tonalidades viol\u00e1ceas, conservando toda su viveza gracias al envasado al vac\u00edo. En nariz destacan sus aromas de buena intensidad, resaltando sus notas de fermentaci\u00f3n muy frutales. En boca resulta equilibrado, arm\u00f3nico y con una larga persistencia, manteniendo sus propiedades intactas desde la primera hasta la \u00faltima copa; en definitiva, un vino con buenas sensaciones y m\u00e1xima practicidad. Debe consumirse entre 12 &#8211; 14 \u00baC 12,5% Vol. Formatos: 3L \/ 5L \/ 15L<\/p>\n","protected":false},"featured_media":506,"comment_status":"open","ping_status":"closed","template":"","meta":{"zakra_page_container_layout":"customizer","zakra_page_sidebar_layout":"customizer","zakra_remove_content_margin":false,"zakra_sidebar":"customizer","zakra_transparent_header":"customizer","zakra_logo":0,"zakra_main_header_style":"default","zakra_menu_item_color":"","zakra_menu_item_hover_color":"","zakra_menu_item_active_color":"","zakra_menu_active_style":"","zakra_page_header":true,"inline_featured_image":false},"product_brand":[],"product_cat":[],"product_tag":[],"class_list":{"0":"post-501","1":"product","2":"type-product","3":"status-publish","4":"has-post-thumbnail","7":"first","8":"instock","9":"shipping-taxable","10":"purchasable","11":"product-type-simple"},"_links":{"self":[{"href":"https:\/\/roberto.depimtajamar.es\/index.php\/wp-json\/wp\/v2\/product\/501","targetHints":{"allow":["GET"]}}],"collection":[{"href":"https:\/\/roberto.depimtajamar.es\/index.php\/wp-json\/wp\/v2\/product"}],"about":[{"href":"https:\/\/roberto.depimtajamar.es\/index.php\/wp-json\/wp\/v2\/types\/product"}],"replies":[{"embeddable":true,"href":"https:\/\/roberto.depimtajamar.es\/index.php\/wp-json\/wp\/v2\/comments?post=501"}],"wp:featuredmedia":[{"embeddable":true,"href":"https:\/\/roberto.depimtajamar.es\/index.php\/wp-json\/wp\/v2\/media\/506"}],"wp:attachment":[{"href":"https:\/\/roberto.depimtajamar.es\/index.php\/wp-json\/wp\/v2\/media?parent=501"}],"wp:term":[{"taxonomy":"product_brand","embeddable":true,"href":"https:\/\/roberto.depimtajamar.es\/index.php\/wp-json\/wp\/v2\/product_brand?post=501"},{"taxonomy":"product_cat","embeddable":true,"href":"https:\/\/roberto.depimtajamar.es\/index.php\/wp-json\/wp\/v2\/product_cat?post=501"},{"taxonomy":"product_tag","embeddable":true,"href":"https:\/\/roberto.depimtajamar.es\/index.php\/wp-json\/wp\/v2\/product_tag?post=501"}],"curies":[{"name":"wp","href":"https:\/\/api.w.org\/{rel}","templated":true}]}}